on divisor of c and 42.
42
Let q be -12*(-88)/6*6/24. Let v be (2 + 0)/(64/352). Calculate the greatest common factor of q and v.
11
Suppose -45*p = -48*p + 5*h + 1734, -5*h = 4*p - 2312. Let k be (14 - (-3)/1) + 0. Calculate the greatest common factor of p and k.
17
Let x(t) = -3*t**2 + 24*t - 23. Let n be x(7). Let i be (-39)/n*(-60)/(-90). Calculate the greatest common factor of i and 1.
1
Let k be 124/14*2*(-29 + (-780)/(-24)). Calculate the greatest common divisor of k and 3317.
31
Suppose -6*n + 13*n = 1344. Let u = -80 + n. What is the greatest common factor of 32 and u?
16
Let l = -123 - -96. Let d be (-1086)/l - 24/108. Let k be 44/2 - (-6)/3. Calculate the greatest common factor of d and k.
8
Suppose 635*n - 210 = 629*n. Suppose -90 = -n*l + 30*l. Calculate the greatest common divisor of 63 and l.
9
Suppose -2*l = -0 - 2, 3*l = x. Let r(n) = 2*n**2 - 2*n + 3. Let f be r(x). Let v = -15831 + 15843. What is the highest common factor of v and f?
3
Let o be 5 + (-1 - 1/(-2))*-390. Let x(t) = 7*t + 10. Let n be x(20). What is the highest common divisor of o and n?
50
Let c be 995507/282 + (4 - 3) + 14/(-12). What is the greatest common factor of c and 20?
10
Suppose t - 103 = 5*n, 69*t - 70*t + 119 = -n. What is the highest common factor of 12423 and t?
123
Let b be 45*(5 - 18)*(-12)/10. Suppose -4*v - 2*l + b = 0, -22*l + 173 = v - 19*l. Calculate the greatest common factor of v and 22.
22
Let k be 3/(-6)*-1 + ((-2680755)/(-30))/7. Calculate the greatest common factor of 26 and k.
26
Suppose -4*u + 3 = r, 3*r - u = -2*u + 9. Suppose -2*g - 5*v + 28 = -g, 0 = r*v + 6. Let c = 914 + -819. Calculate the highest common divisor of c and g.
19
Suppose 4962 + 4457 = 29*j + 748. What is the highest common factor of 52 and j?
13
Suppose 218*m + 214*m = 429*m - 180. Suppose 0 = 3*z - 3*u + 132, -z - 5*u = 4*z + 260. Let g = z - m. Calculate the greatest common divisor of 12 and g.
12
Let g be ((-124)/24)/31 - (-50)/12. Suppose -3*m + 144 = 4*z, -g*m + 8*m = 5*z - 211. What is the highest common factor of z and 143?
13
Suppose 0 = -13*d + 12 + 53. Suppose -d*w - 4*z + 84 = -256, 2*z = 0. Calculate the highest common factor of w and 544.
68
Suppose -1095*j + 715 = -1084*j. What is the highest common factor of j and 535?
5
Let u = 12 + -15. Let t be ((-66)/(-55))/(u/(-40)). Suppose -44 = -x + 5*j, 0*j - 72 = -x - 2*j. What is the highest common factor of x and t?
16
Suppose -10*r + 3*r = -3*r. Suppose o + 5*b - 2 - 6 = r, 0 = 5*o + 5*b - 40. Calculate the highest common factor of o and 56.
8
Let p = -32 - -58. Let n(c) be the second derivative of 7*c**3/3 - 50*c**2 - c - 3. Let i be n(9). What is the highest common factor of i and p?
26
Let t = -879 + 464. Let v = -401 - t. What is the highest common factor of 2 and v?
2
Let o(u) = -3*u**2 + 7 - 4*u + 2*u**3 - u**3 + 0*u**2 + 0. Let a be o(4). Suppose -a = -5*q + 58. Calculate the highest common factor of q and 13.
13
Let i = 559 - 559. Let p = 15 - -28. Suppose i = b - p + 32. Calculate the greatest common factor of 11 and b.
11
Let m(l) = 3*l - 71. Let v be m(23). Let r be (312/(-12))/(1/v). What is the greatest common divisor of 13 and r?
13
Let u = 1617 + -407. Suppose u = 5*n - 385. Calculate the greatest common factor of n and 22.
11
Suppose 0 = -4*k - 3*m - 462, -2*m = 2 - 6. Let g = k + 164. Let a = g + -34. Calculate the highest common factor of a and 104.
13
Let u = 201 + 204. Let x be (-1)/(2/(-96)) + (1210/22 - 58). Calculate the greatest common divisor of x and u.
45
Let o = -6 - -34. Let v be 64/(-36) + 6/(-27) - 5. Let f(k) = 6*k**2 + 14*k + 56. Let s be f(v). Calculate the greatest common divisor of s and o.
28
Suppose 0 = 7*s - 5*s + 4*l - 144, -236 = -3*s - l. Let b(k) = -5*k**2 - 340*k + 4. Let d be b(-68). Calculate the highest common divisor of s and d.
4
Suppose 3*m = 3*n + 369, 13*m + 3*n = 17*m - 488. Let u be (28/6)/(34/51). Calculate the highest common factor of m and u.
7
Let b be (-3 + 3 - -697)/1. Let n(p) = -4*p**3 - 83*p**2 + 20*p - 4. Let x be n(-21). Calculate the highest common factor of b and x.
17
Suppose 5*b - 2*b - 5*w = 75, -4*b + 83 = -w. Suppose 1082 = -18*o - 178. Let s = o + 90. What is the highest common factor of b and s?
20
Suppose h = -4*h + 40. Suppose -3*s + 2*z + 314 = 0, -118 = 2*s - 5*z - 309. Suppose -u - h*u = -s. Calculate the greatest common factor of u and 30.
6
Suppose -5*c - 4*d + 1980 = 0, d + 2*d = 15. Suppose 0 = -s + 4*s - 168. Calculate the greatest common factor of c and s.
56
Let h(g) = g**3 - g**2 + g - 1. Let t(d) = 7*d**3 - 6*d**2 + 3*d - 1. Let x(i) = -6*h(i) + t(i). Let n be x(3). What is the greatest common divisor of n and 23?
23
Let z(m) = -m**3 - 8*m**2 - 6*m + 11. Let a be z(-7). Let n be (1450/(-87))/(a/(-78)). Calculate the highest common factor of 50 and n.
25
Let f be 161/21*(-18 - -597). What is the highest common factor of 23 and f?
23
Let k(v) = -v**2 + 41*v - 414. Let x be k(22). Suppose -x*c - 5*d = -2516, c + 27 = 3*d + 639. What is the greatest common factor of 39 and c?
39
Suppose y = 2*q - 99, -5*y = -1162*q + 1156*q + 315. Let f be (-30)/((-30)/14 + 2). What is the greatest common divisor of q and f?
15
Let y = -4904 + 6445. Calculate the greatest common factor of y and 402.
67
Suppose 13 = d - 1. Suppose -x + 30 = -d. Let z be (25/(-4))/(255/(-4488)). Calculate the highest common divisor of x and z.
22
Let u(r) = r**2 - 21*r - 90. Let h be u(-6). Let b = 97 + 23. What is the highest common factor of b and h?
24
Let u be 3 + (3 + -3 - -2). Suppose n - 40 = -3*n + 3*h, 20 = -u*h. Suppose 0 = -69*w + 86*w - 17. Calculate the highest common factor of w and n.
1
Let u be (7/(-4))/(2/(-40)). Let v be (-1 + -1)/(1*(3 - 4)). Suppose a - 482 = v*z - 157, z - 1255 = -4*a. Calculate the highest common divisor of a and u.
35
Let f = 12084 + -12082. What is the highest common divisor of f and 162?
2
Let x(w) = -158*w - 1482. Let k be x(-10). What is the greatest common factor of k and 14?
14
Let y(a) = -a**3 + 20*a**2 - 58*a - 58. Let x be y(16). What is the greatest common factor of x and 46?
2
Let s = 57 - 35. Let o = -270993 + 271015. What is the greatest common divisor of s and o?
22
Let b(c) = -c**2 + 29*c + 41. Let g be b(17). Let k = g + -235. What is the greatest common divisor of k and 150?
10
Let j be (1584/(-462))/((-6)/147). Calculate the highest common divisor of 1652 and j.
28
Suppose 61 - 329 = 2*f. Let r = 16 - f. Calculate the highest common divisor of r and 100.
50
Suppose -f + 4*j + 69 = j, 5*f - 2*j - 332 = 0. Let m = -57 + f. Let g = -9 - -18. Calculate the highest common divisor of m and g.
9
Let x be ((-522)/(-24) - 18)*32/10. Calculate the highest common divisor of 1086 and x.
6
Let t = -17 + 25. Suppose 21*b - 546 = t*b. Let l be 40/6 - (-4)/(-6). Calculate the highest common factor of b and l.
6
Let h = 18 + 6. Let l(v) = 12*v + 84. Let g be l(-7). Suppose 7*j - 8*j + 6 = g. What is the highest common factor of j and h?
6
Let w be ((-45)/(-27))/((-6)/(-54)). Suppose 14*z - 840 = -0*z. Calculate the greatest common factor of z and w.
15
Let b be (-1 - -2) + 3*59. Let u be 4/5 - (-264)/120. Suppose u*h + b = 5*n, -4*h = -0*n - n + 39. Calculate the greatest common factor of n and 175.
35
Suppose i + 4*i + 5*u - 35 = 0, 5*u = 10. Calculate the highest common divisor of i and 235.
5
Let l(f) = -f**2 - f + 66. Let d be l(7). Let c = 919 + -649. Calculate the highest common factor of c and d.
10
Let l(b) = -2*b**3 - 6*b**2 + 4*b + 5016. Let s be l(0). Calculate the highest common factor of 1320 and s.
264
Let f be (-180)/8*-4*(-7)/(-7). Let k be (0 + 30/75)/((-1)/(-100)). Calculate the greatest common factor of k and f.
10
Suppose u - 6353 = -5*m, 9 = -9*m + 8*m. What is the greatest common divisor of u and 154?
14
Let m be (-62)/1*1/1. Let b = -39 - m. Suppose 4*f - 145 + 561 = 5*t, -7*t + f = -633. Calculate the greatest common factor of t and b.
23
Let s be (85/(-119)*-7)/(2/10). What is the highest common divisor of 3 and s?
1
Suppose 21*v - 26*v + 2*h = -682, 2*h - 542 = -4*v. Calculate the greatest common divisor of v and 17816.
136
Suppose 5*l - 24670 = -5*m, 34610 = 7*m + 21*l - 26*l. Calculate the highest common divisor of m and 312.
52
Let x = 23 + -21. Suppose x*t + c = t + 106, 4*c = -8.